at is the remainder when 312553 is divided by 312526?
27
What is the remainder when 19621 is divided by 579?
514
What is the remainder when 2265 is divided by 340?
225
Calculate the remainder when 91322 is divided by 79.
77
What is the remainder when 63602 is divided by 2472?
1802
Calculate the remainder when 16511 is divided by 2063.
7
What is the remainder when 2259 is divided by 175?
159
Calculate the remainder when 942847 is divided by 4.
3
What is the remainder when 50194 is divided by 2091?
10
Calculate the remainder when 5070 is divided by 134.
112
Calculate the remainder when 176385 is divided by 58789.
18
What is the remainder when 1591 is divided by 318?
1
What is the remainder when 2316 is divided by 176?
28
What is the remainder when 19819 is divided by 149?
2
What is the remainder when 9135 is divided by 286?
269
What is the remainder when 11530 is divided by 1066?
870
What is the remainder when 3747 is divided by 300?
147
What is the remainder when 2068 is divided by 382?
158
Calculate the remainder when 6087 is divided by 339.
324
Calculate the remainder when 112674 is divided by 203.
9
Calculate the remainder when 42587 is divided by 805.
727
Calculate the remainder when 21336 is divided by 10626.
84
What is the remainder when 13717 is divided by 116?
29
What is the remainder when 38547 is divided by 121?
69
Calculate the remainder when 97195 is divided by 44.
43
What is the remainder when 1116 is divided by 470?
176
Calculate the remainder when 65504 is divided by 113.
77
Calculate the remainder when 147933 is divided by 92.
89
What is the remainder when 15979 is divided by 61?
58
What is the remainder when 14661 is divided by 7179?
303
What is the remainder when 91558 is divided by 21?
19
Calculate the remainder when 3274 is divided by 543.
16
Calculate the remainder when 44470 is divided by 204.
202
Calculate the remainder when 6923 is divided by 2286.
65
Calculate the remainder when 4666861 is divided by 31.
28
What is the remainder when 5174 is divided by 137?
105
What is the remainder when 1094756 is divided by 20?
16
Calculate the remainder when 574977 is divided by 191655.
12
Calculate the remainder when 3926 is divided by 2154.
1772
What is the remainder when 1719 is divided by 48?
39
What is the remainder when 85276 is divided by 21317?
8
What is the remainder when 40715 is divided by 503?
475
What is the remainder when 119065 is divided by 119056?
9
What is the remainder when 502601 is divided by 153?
149
Calculate the remainder when 356 is divided by 60.
56
Calculate the remainder when 22154 is divided by 4.
2
What is the remainder when 2164 is divided by 2122?
42
What is the remainder when 940 is divided by 864?
76
What is the remainder when 6100 is divided by 86?
80
Calculate the remainder when 295883 is divided by 55.
38
What is the remainder when 43314 is divided by 60?
54
Calculate the remainder when 10163 is divided by 49.
20
Calculate the remainder when 3247 is divided by 191.
0
Calculate the remainder when 682 is divided by 116.
102
Calculate the remainder when 354429 is divided by 71.
68
What is the remainder when 574268 is divided by 24?
20
Calculate the remainder when 209690 is divided by 1033.
1024
Calculate the remainder when 113343 is divided by 368.
367
What is the remainder when 555 is divided by 61?
6
What is the remainder when 8909 is divided by 2224?
13
What is the remainder when 14959 is divided by 245?
14
Calculate the remainder when 114574 is divided by 836.
42
What is the remainder when 1330 is divided by 91?
56
Calculate the remainder when 772742 is divided by 257570.
32
What is the remainder when 38030 is divided by 27?
14
What is the remainder when 278 is divided by 41?
32
What is the remainder when 61590 is divided by 20387?
429
What is the remainder when 155001 is divided by 6458?
9
Calculate the remainder when 23251 is divided by 20.
11
Calculate the remainder when 51303 is divided by 6.
3
Calculate the remainder when 11425 is divided by 673.
657
Calculate the remainder when 2223 is divided by 596.
435
Calculate the remainder when 120854 is divided by 30191.
90
What is the remainder when 25542 is divided by 7?
6
Calculate the remainder when 175474 is divided by 14.
12
What is the remainder when 2319900 is divided by 369?
366
What is the remainder when 216750 is divided by 669?
663
What is the remainder when 90570 is divided by 21?
18
Calculate the remainder when 17738 is divided by 35.
28
What is the remainder when 953 is divided by 126?
71
What is the remainder when 25112 is divided by 1502?
1080
What is the remainder when 1364 is divided by 24?
20
Calculate the remainder when 9194 is divided by 341.
328
Calculate the remainder when 3471 is divided by 44.
39
What is the remainder when 52528 is divided by 401?
398
Calculate the remainder when 976949 is divided by 9.
8
Calculate the remainder when 3990 is divided by 296.
142
Calculate the remainder when 11817 is divided by 22.
3
Calculate the remainder when 1362 is divided by 64.
18
Calculate the remainder when 8410 is divided by 250.
160
Calculate the remainder when 38050 is divided by 45.
25
What is the remainder when 30440 is divided by 24?
8
Calculate the remainder when 129145 is divided by 493.
472
What is the remainder when 43129 is divided by 353?
63
What is the remainder when 172790 is divided by 86380?
30
What is the remainder when 141764 is divided by 15751?
5
What is the remainder when 3273 is divided by 150?
123
Calculate the remainder when 369951 is divided by 74.
25
Calculate the remainder when 12596 is divided by 15.
11
Calculate the remainder when 8976 is divided by 621.
282
Calculate the remainder when 34965 is divided by 1342.
73
Calculate the remainder when 108858 is divided by 87.
21
Calculate the remainder when 12126 is divided by 12109.
17
What is the remainder when 23253 is divided by 310?
3
What is the remainder when 4048 is divided by 1203?
439
Calculate the remainder when 8365 is divided by 29.
13
What is the remainder when 78385 is divided by 234?
229
Calculate the remainder when 36428 is divided by 383.
43
What is the remainder when 992124 is divided by 47?
1
Calculate the remainder when 29331 is divided by 208.
3
Calculate the remainder when 9069 is divided by 1808.
29
What is the remainder when 33008 is divided by 37?
4
Calculate the remainder when 75617 is divided by 199.
196
Calculate the remainder when 208326 is divided by 683.
11
Calculate the remainder when 46493 is divided by 27.
26
What is the remainder when 19394 is divided by 52?
50
What is the remainder when 892 is divided by 330?
232
What is the remainder when 58823 is divided by 58807?
16
What is the remainder when 12128 is divided by 108?
32
Calculate the remainder when 82813 is divided by 360.
13
What is the remainder when 514463 is divided by 1164?
1139
Calculate the remainder when 2599 is divided by 1569.
1030
Calculate the remainder when 491543 is divided by 24.
23
What is the remainder when 1298 is divided by 157?
42
What is the remainder when 8480 is divided by 35?
10
Calculate the remainder when 6597 is divided by 287.
283
Calculate the remainder when 12442 is divided by 40.
2
What is the remainder when 12325 is divided by 1629?
922
What is the remainder when 645681 is divided by 15?
6
Calculate the remainder when 94957 is divided by 13561.
30
What is the remainder when 23998 is divided by 87?
73
What is the remainder when 6686 is divided by 1808?
1262
What is the remainder when 44580 is divided by 22141?
298
What is the remainder when 83108 is divided by 8309?
18
What is the remainder when 86146 is divided by 28707?
25
What is the remainder when 123330 is divided by 41110?
0
Calculate the remainder when 19967 is divided by 490.
367
Calculate the remainder when 301 is divided by 138.
25
What is the remainder when 9314 is divided by 274?
272
Calculate the remainder when 9940 is divided by 1653.
22
Calculate the remainder when 22208 is divided by 5537.
60
Calculate the remainder when 8368 is divided by 61.
11
What is the remainder when 52039 is divided by 826?
1
What is the remainder when 6834 is divided by 848?
50
Calculate the remainder when 68785 is divided by 2022.
37
Calculate the remainder when 760 is divided by 288.
184
What is t